onvert 0 (base 10) to base 13.
0
Convert -70 (base 10) to base 6.
-154
Convert 52 (base 7) to base 6.
101
10100 (base 3) to base 2
1011010
Convert -178 (base 11) to base 10.
-206
What is 78 (base 11) in base 10?
85
What is 100 (base 10) in base 9?
121
1110 (base 2) to base 15
e
What is 13 (base 4) in base 2?
111
38 (base 9) to base 2
100011
What is -2 (base 15) in base 14?
-2
5 (base 15) to base 7
5
-110 (base 2) to base 15
-6
Convert -a (base 11) to base 9.
-11
Convert 121 (base 3) to base 8.
20
What is 111 (base 4) in base 5?
41
115 (base 7) to base 6
141
Convert -33 (base 14) to base 4.
-231
What is 10 (base 2) in base 7?
2
Convert -111 (base 5) to base 13.
-25
Convert 33 (base 8) to base 4.
123
What is c (base 14) in base 13?
c
Convert 3 (base 5) to base 7.
3
Convert -1011011 (base 2) to base 5.
-331
What is -11021 (base 3) in base 15?
-7a
15a (base 11) to base 2
10111010
-20 (base 3) to base 2
-110
-2 (base 6) to base 9
-2
-1c (base 16) to base 7
-40
What is 5 (base 16) in base 6?
5
What is 8 (base 15) in base 14?
8
Convert -122 (base 7) to base 2.
-1000001
What is 4 (base 8) in base 15?
4
Convert -1000 (base 2) to base 8.
-10
What is -a2 (base 11) in base 2?
-1110000
What is -f (base 16) in base 3?
-120
-27 (base 12) to base 3
-1011
Convert -312 (base 7) to base 15.
-a6
Convert -31 (base 7) to base 6.
-34
What is -4 (base 10) in base 11?
-4
-1 (base 4) to base 11
-1
Convert 312 (base 4) to base 3.
2000
-8 (base 14) to base 5
-13
173 (base 8) to base 15
83
-2 (base 15) to base 13
-2
-5 (base 14) to base 10
-5
What is -4 (base 12) in base 10?
-4
-6 (base 16) to base 14
-6
What is 169 (base 13) in base 7?
514
What is -33 (base 13) in base 9?
-46
What is a (base 12) in base 13?
a
Convert 1 (base 10) to base 2.
1
What is -11011 (base 2) in base 9?
-30
What is 1 (base 13) in base 12?
1
What is -234 (base 6) in base 9?
-114
-16 (base 9) to base 8
-17
Convert 24 (base 11) to base 2.
11010
What is 4d (base 16) in base 4?
1031
Convert -99 (base 16) to base 2.
-10011001
Convert -67 (base 8) to base 11.
-50
What is 22 (base 3) in base 8?
10
What is -58 (base 15) in base 7?
-146
What is -22 (base 13) in base 16?
-1c
Convert 79 (base 15) to base 14.
82
Convert 16 (base 16) to base 9.
24
-3 (base 6) to base 5
-3
What is -3 (base 8) in base 5?
-3
What is -23 (base 12) in base 13?
-21
-20 (base 13) to base 4
-122
-10010101 (base 2) to base 12
-105
-37 (base 13) to base 16
-2e
Convert -13 (base 5) to base 2.
-1000
What is -41 (base 5) in base 3?
-210
What is -8 (base 10) in base 3?
-22
What is 13 (base 4) in base 2?
111
Convert 1 (base 16) to base 3.
1
What is 2 (base 15) in base 6?
2
What is e (base 16) in base 6?
22
Convert -122 (base 5) to base 8.
-45
Convert 46 (base 14) to base 16.
3e
-12 (base 16) to base 2
-10010
What is 6 (base 8) in base 11?
6
Convert -242 (base 8) to base 12.
-116
-131 (base 5) to base 3
-1112
Convert -5 (base 10) to base 4.
-11
-213 (base 11) to base 15
-121
What is 5 (base 13) in base 8?
5
What is -3 (base 8) in base 16?
-3
What is -46 (base 7) in base 15?
-24
What is 112 (base 4) in base 6?
34
-8 (base 11) to base 5
-13
-2 (base 4) to base 9
-2
-313 (base 6) to base 13
-90
Convert 18 (base 10) to base 15.
13
Convert -b (base 16) to base 10.
-11
Convert 12 (base 3) to base 14.
5
Convert 0 (base 3) to base 7.
0
10111 (base 2) to base 9
25
What is 10 (base 3) in base 2?
11
What is -11 (base 5) in base 9?
-6
-2 (base 14) to base 3
-2
What is -4 (base 8) in base 7?
-4
-13 (base 14) to base 3
-122
Convert -201 (base 4) to base 16.
-21
What is 1 (base 16) in base 13?
1
What is -10011 (base 3) in base 2?
-1010101
What is 16 (base 10) in base 5?
31
Convert 111 (base 2) to base 4.
13
What is -1b8 (base 12) in base 11?
-239
Convert 4 (base 16) to base 12.
4
What is 4a (base 13) in base 15?
42
-34 (base 11) to base 6
-101
What is -151 (base 12) in base 7?
-412
Convert 10110000 (base 2) to base 8.
260
5 (base 12) to base 14
5
-6 (base 8) to base 15
-6
-75 (base 8) to base 3
-2021
-2 (base 14) to base 12
-2
What is -1001 (base 2) in base 13?
-9
What is 39 (base 12) in base 2?
101101
Convert 6 (base 14) to base 7.
6
Convert 1 (base 5) to base 15.
1
What is -14 (base 5) in base 13?
-9
What is -13 (base 6) in base 14?
-9
What is 28 (base 12) in base 11?
2a
What is -31 (base 11) in base 16?
-22
What is -24 (base 5) in base 15?
-e
100101010 (base 2) to base 8
452
200 (base 4) to base 9
35
What is -21 (base 9) in base 5?
-34
What is -2 (base 6) in base 12?
-2
Convert 1 (base 4) to base 3.
1
What is 160 (base 11) in base 10?
187
What is 13 (base 16) in base 7?
25
Convert 104 (base 6) to base 3.
1111
What is -46 (base 8) in base 3?
-1102
-4 (base 15) to base 14
-4
4 (base 10) to base 4
10
What is -10 (base 3) in base 12?
-3
6 (base 10) to base 7
6
2 (base 10) to base 4
2
What is 3 (base 11) in base 15?
3
-100 (base 4) to base 8
-20
What is 6 (base 16) in base 9?
6
22 (base 4) to base 15
a
What is -1110 (base 2) in base 14?
-10
What is -2 (base 12) in base 2?
-10
Convert 2 (base 15) to base 2.
10
Convert 13 (base 10) to base 9.
14
3 (base 10) to base 8
3
10 (base 6) to base 7
6
Convert 0 (base 16) to base 15.
0
-1 (base 8) to base 11
-1
-211 (base 7) to base 16
-6a
-6 (base 10) to base 3
-20
Convert -18 (base 10) to base 3.
-200
-3 (base 11) to base 14
-3
23 (base 4) to base 15
b
Convert -16 (base 9) to base 3.
-120
Convert -21 (base 4) to base 2.
-1001
Convert -11 (base 2) to base 10.
-3
Convert 0 (base 8) to base 6.
0
What is 1 (base 6) in base 11?
1
Convert -54 (base 6) to base 3.
-1021
3 (base 16) to base 9
3
Convert -9 (base 14) to base 11.
-9
11 (base 4) to base 16
5
What is -2120 (base 4) in base 8?
-230
2 (base 13) to base 4
2
Convert 31 (base 12) to base 8.
45
-35 (base 8) to base 6
-45
-8 (base 9) to base 15
-8
What is 457 (base 8) in base 15?
153
Convert 1124 (base 5) to base 4.
2210
What is 4 (base 6) in base 13?
4
What is 2 (base 3) in base 5?
2
Convert -51 (base 7) to base 13.
-2a
Convert 4 (base 7) to base 9.
4
What is -114 (base 7) in base 4?
-330
Convert -2220 (base 5) to base 2.
-100110110
144 (base 11) to base 10
169
Convert -3 (base 5) to base 3.
-10
What is -23 (base 10) in base 16?
-17
Convert 137 (base 11) to base 16.
a1
12 (base 7) to base 16
9
What is -12 (base 4) in base 6?
-10
What is 0 (base 14) in base 15?
0
What is -3b (base 14) in base 11?
-49
-1 (base 5) to base 7
-1
Convert 3 (base 11) to base 15.
3
What is -3 (base 8) in base 12?
-3
35 (base 7) to base 11
24
-1c (base 15) to base 3
-1000
-1 (base 10) to base 13
-1
Convert 89 (base 12) to base 8.
151
2 (base 10) to base 5
2
Convert 50 (base 13) to base 11.
5a
Convert -3c (base 16) to base 3.
-2020
What is 14 (base 5) in base 10?
9
2022 (base 5) to base 4
10012
What is -23 (base 4) in base 7?
-14
Convert 112 (base 11) to base 14.
98
Convert -1330 (base 6) to base 16.
-156
What is 0 (base 6) in base 7?
0
What is 420 (base 5) in base 8?
156
Convert 4 (base 13) to base 6.
4
Convert -12 (base 3) to base 11.
-5
2b (base 13) to base 3
1101
What is 210 (base 4) in base 14?
28
What is 55 (base 8) in base 7?
63
Convert -a (base 13) to base 4.
-22
What is 11 (base 15) in base 6?
24
-1 (base 15) to base 16
-1
What is 100012 (base 3) in base 8?
370
What is -40 (base 8) in base 9?
-35
10100011 (base 2) to base 15
ad
-2 (base 14) to base 8
-2
Convert -1 (base 12) to base 8.
-1
What is -4 (base 14) in base 4?
-10
What is 32 (base 8) in base 14?
1c
What is 22 (base 13) in base 9?
31
-141 (base 6) to base 10
-61
-1 (base 14) to base 3
-1
Convert 11 (base 10) to base 3.
102
What is c7 (base 13) in base 6?
431
Convert -17 (base 9) to base 2.
-10000
What is -40 (base 10) in base 15?
-2a
-3 (base 16) to base 2
-11
-4 (base 6) to base 2
-100
Convert -9 (base 10) to base 4.
-21
3 (base 9) to base 16
3
What is 361 (base 8) in base 7?
463
What is 11 (base 3) in base 14?
4
Convert -1 (base 14) to base 8.
-1
What is 13 (base 13) in base 9?
17
2 (base 7) to base 16
2
What is 10031 (base 4) in base 6?
1125
12 (base 12) to base 4
32
What is 122 (base 3) in base 15?
12
Convert 11 (base 2) to base 12.
3
What is 4 (base 8) in base 16?
4
Convert 13 (base 4) to base 3.
21
What is 4 (base 7) in base 9?
4
What is 1b (base 16) in base 4?
123
What is -62 (base 14) in base 13?
-68
What is 1101 (base 2